50 = 34*h. What are the prime factors of h?
2, 5
Suppose -4*t + t + 2*f = 2, -3*f = -5*t - 2. Let n = t - -5. What are the prime factors of n?
7
Suppose -b - 39 = -4*r, 2*r + 3*r = -5*b + 30. List the prime factors of r.
3
Let u(r) = -r - 7. Let p be u(-7). Suppose p*b = 4*b - 140. List the prime factors of b.
5, 7
Suppose 0 = 3*z + 4*z + 14. What are the prime factors of 18 - (-4 - -3) - z?
3, 7
Let r(t) = 2*t**2 - 13*t. What are the prime factors of r(-8)?
2, 29
Let p = 179 + -31. Suppose -3*r = r - p. What are the prime factors of r/2 + 2/4?
19
Let k = -4 - -27. Suppose 2*b - 28 = 2*x, 3*b - k = -x + 23. What are the prime factors of b?
3, 5
Let m = 13 + -8. Suppose -s + 103 = 4*s + 3*f, -m*f = -s + 15. List the prime factors of s.
2, 5
Let d(v) = 3*v**2 + 3*v + 18. Let o(y) = -16*y**2 - 16*y - 91. Let q(c) = 11*d(c) + 2*o(c). List the prime factors of q(0).
2
Let w(o) = o**2 + 3*o + 1. What are the prime factors of w(-7)?
29
Let q(a) = 2*a**2 - 4*a + 3. List the prime factors of q(4).
19
Let q = -4 - -7. What are the prime factors of q?
3
Let q = 7 + -7. Suppose q*v = 2*v + 2. Let n = 10 + v. What are the prime factors of n?
3
Let b = 7 - 4. List the prime factors of b.
3
Let v(r) = -r + 2. Let q be v(-2). Suppose -3*f = -2*u - q, -2*u - 28 = -4*u - 5*f. Suppose y = -3*w - u, 0 = -3*y - 0*y + w + 38. List the prime factors of y.
11
Suppose 32 + 1 = 3*p. Let b = p + -7. List the prime factors of b.
2
Let a(c) = c**2 + 4*c - 5. What are the prime factors of a(6)?
5, 11
Let f be (0 - -4)*1/2. Let s = 6 - f. Suppose -y - 1 = -s. What are the prime factors of y?
3
Let l(b) = 3*b + 2. Let q be l(-5). Let s = -8 - q. Suppose 30 = s*d - 2*d. What are the prime factors of d?
2, 5
Let i(m) = m**3 + 8*m**2 + m + 10. Let r be i(-8). List the prime factors of 3*((-4)/r)/(-2).
3
Suppose d - 2*d = -5. What are the prime factors of d?
5
Suppose 5*v - 175 = 5*n, 3*v - n - 17 = 92. List the prime factors of v.
37
Suppose 3*m = 3*a - 2*m - 1018, -2*m + 332 = a. List the prime factors of a.
2, 3, 7
Suppose 4*j - 7*j = -309. What are the prime factors of j?
103
Suppose -2*m + 0*m + 19 = 3*y, 25 = 5*y + 2*m. Suppose p = -y*p + 8. List the prime factors of p.
2
Suppose r + 4*d = -r + 114, -5*d = -3*r + 138. Suppose 0 = 4*m - u - r - 43, -u = 2*m - 50. List the prime factors of m.
2, 3
Let d(t) = -4*t + 29. What are the prime factors of d(-16)?
3, 31
Let m(s) = -s**2 + 10*s + 13. Let i be m(11). Suppose -o + 6*o - 10 = 3*r, -i*r = o - 15. Suppose 2*z - r = 19. List the prime factors of z.
2, 3
Let w be 6 + 1 - (3 - 0). Let l(g) = g**3 + 5*g**2 - g + 1. Let t be l(-5). Let a = t - w. What are the prime factors of a?
2
Let y(m) = m**3 + 3*m**2 - 5*m - 3. Let r be y(-4). What are the prime factors of 1*(23/r - 3)?
2, 5
Suppose -5*j + j + 108 = 0. What are the prime factors of j?
3
Let k be (-39)/91 + (-10)/(-7). What are the prime factors of (3 + k - 3)*11?
11
Let y(p) = -2*p - 7. Let v = -1 + 8. Let a(x) = x - 14. Let c be a(v). What are the prime factors of y(c)?
7
Suppose 3*v + 9*v = 828. What are the prime factors of v?
3, 23
List the prime factors of 6/(18 + -6)*(218 + -2).
2, 3
Let b = 12 - 17. Let c = b - -7. Suppose 6*g = -2*v + c*g + 4, 0 = 4*g + 12. What are the prime factors of v?
2
Let y(b) be the third derivative of b**5/60 + 7*b**4/24 + b**3/3 + 2*b**2. What are the prime factors of y(-7)?
2
Suppose 1 = 2*v - 1. List the prime factors of v*(-22)/(-4)*2.
11
Suppose y + 4 = 5. Let l(f) = f - 1. Let p be l(0). What are the prime factors of (3 - (y - p))*5?
5
Suppose -2*d + 7 = 1. List the prime factors of d.
3
Let n = 19 + -18. Suppose 0 = l - n - 16. What are the prime factors of l?
17
What are the prime factors of (-1)/(-3) + (-418)/(-33)?
13
Let d be (-20)/(6/3) - 2. Let x = -72 - d. What are the prime factors of x/(-5) + 0/(-1)?
2, 3
Let n(a) = -a**2 + 9*a - 10. Let d be n(7). Let k(m) = m - 1. Let q be k(d). Suppose 0 = 5*w - 25, q*r = -2*r - 2*w + 60. List the prime factors of r.
2, 5
Suppose 6 = -2*d + 14. Suppose -27 = 5*v + d*z, -v - 2*z = 10 - 1. What are the prime factors of (v - (0 - 13)) + 3?
13
Let h be (-3 + 2)/((-2)/(-22)). Let b(u) = 3*u - 12. Let f be b(h). What are the prime factors of 4*(-1)/(12/f)?
3, 5
Let h be (-34)/10 - 12/(-30). Let a be 3/(-9)*h*5. What are the prime factors of -2 + 1 + a + 1?
5
Let t(k) = -5*k**3 + k**2 + k + 7. Let f(y) = 14*y**3 - 4*y**2 - 3*y - 20. Let p(u) = 6*f(u) + 17*t(u). What are the prime factors of p(-7)?
2, 3
Let r(s) = -12*s**3 - s - 1. Let i = -15 + 10. Let a = i + 4. List the prime factors of r(a).
2, 3
Suppose 2*d + 3*h + 19 = 3*d, -5 = -d - 4*h. List the prime factors of (-1)/(0 - 1)*d.
13
Let p = -9 + 11. List the prime factors of p.
2
Let g = 88 - 63. List the prime factors of g.
5
List the prime factors of 2/(-3)*(459/(-6) + -3).
53
Suppose -d = 3*s - 69 + 16, 0 = 5*s + 4*d - 93. Suppose -2 + s = -5*p. What are the prime factors of p/2*(-8)/3?
2
Let s be (-6)/39 + (-964)/(-13). List the prime factors of (s/(-2))/(0 + -1).
37
Suppose 0*f + 2*f + 12 = 0. Let p = f + 13. What are the prime factors of p?
7
Let z(t) be the first derivative of t**4/4 + 8*t**3/3 + 6*t - 26. Suppose -4*a - 5*c = 17, c + 5 = -a - 0*c. List the prime factors of z(a).
2, 3
Suppose 2*w - 4*w - v + 8 = 0, -8 = -2*w + 3*v. Suppose 0 = 5*x - w - 131. List the prime factors of x.
3
Let x(v) = -2*v. Let p be x(-3). Suppose 3 = -j - 3*l, 2*j - l + p = -0*l. Let y = 17 - j. What are the prime factors of y?
2, 5
Suppose -4*j - 3*k + 6*k = -991, -4*j - 5*k = -951. What are the prime factors of j?
2, 61
Suppose 0 = 5*z + 4*a, -3*a = -2*z + a. Suppose -v + 8 + 3 = z. List the prime factors of v.
11
What are the prime factors of 4/10 - (-138)/5?
2, 7
List the prime factors of (((-35)/15 - -1) + 4)*96.
2
Suppose 0 = -4*b - 0*b + 160. Suppose -2*d + b + 84 = 0. Suppose 0 = -5*c + d + 23. What are the prime factors of c?
17
Let d(u) = 2*u**2 - 7*u + 9. List the prime factors of d(5).
2, 3
Let q(g) = 3*g**2 - 9*g + 6. Let f(p) = -5*p**2 + 17*p - 11. Let d(c) = 4*f(c) + 7*q(c). What are the prime factors of d(-8)?
2, 11
Let v be -6*(2 + 5/(-2)). Let n = 21 + -12. Suppose 0*w - v*w + n = 0. What are the prime factors of w?
3
Let i = 13 + -8. Suppose 2*u + 65 = 5*b + i*u, 0 = -5*b - u + 75. List the prime factors of b.
2
Let f = 0 - -187. List the prime factors of f.
11, 17
Suppose 5*r = -4*v + 22, 7 = 5*r - 0*r - v. Suppose r = -a - 0*a. Let g(z) = -3*z - 3. List the prime factors of g(a).
3
Let s(a) = a**3 - 3*a**2 - 7*a - 4. Let h be s(6). Suppose 2*n - h = 4*b, b - 3*n - n + 19 = 0. What are the prime factors of (-2)/3*(b + -3)?
2, 3
Suppose 5*q - 5*p - 80 = -p, -45 = -3*q + 3*p. Suppose -7*t + 2*t = n - 20, -5*t + 3*n = -q. What are the prime factors of t?
2
What are the prime factors of 18/(-21)*(-7)/1?
2, 3
Let i(y) = -y**2 - 9*y - 1. Let o(w) be the third derivative of -7*w**5/60 + w**3/6 - 3*w**2. Let l be o(1). What are the prime factors of i(l)?
17
Let s = -16 - -34. List the prime factors of s.
2, 3
Suppose -3*t - 2*y = -13, 3*t + t - 4*y = 44. Suppose 5*s - t*s = -56. List the prime factors of s.
2, 7
Let p(f) = -f**3 + 2*f**2 + 3*f - 2. Let v be p(3). Let a = v + 6. List the prime factors of a.
2
Let g(d) = -10*d**2 - 16*d + 4. Let l(f) = -3*f**2 - 5*f + 1. Let t(r) = 2*g(r) - 7*l(r). Let k be t(-4). Suppose 23 = k*q + 8. List the prime factors of q.
3
Let t = -74 - -24. Let q(w) = -w**2 + 10*w - 18. Let f be q(6). List the prime factors of 1/(-3) - t/f.
2
Let a(h) = -4*h**2 + 10*h - 1. Let s(k) = -2 + 0 - 3*k**2 + 6*k + 3*k. Let j(l) = 2*a(l) - 3*s(l). List the prime factors of j(8).
2, 3
Suppose 0 = -3*x - 0*x + 3*s + 3, -4*x + 8 = -2*s. Suppose x*b + 15 = 0, -i + 2 = -0*i + 2*b. What are the prime factors of i?
2, 3
Let l(w) = -5*w + 1. Let a be l(-1). Let b = a - 14. What are the prime factors of (12/b)/((-3)/20)?
2, 5
Let z = 6 + -3. Suppose j - 1 - z = 0. Suppose -u = -4*b - 7, -5*b = -j*u + 16 + 34. What are the prime factors of u?
3, 5
Let b(a) = -a**3 + 11*a**2 - 8*a - 2. What are the prime factors of b(10)?
2, 3
Suppose -4*h + 5*s + 0*s = -87, -89 = -4*h + 3*s. Let n = 3 - -12. Let z = h - n. List the prime factors of z.
2
Let h(f) be the second derivative of f**4/12 - 7*f**3/6 + 7*f**2/2 - 4*f. What are the pr